 1 - 7 - (52 + (17 - 65))?
-10
What is 1 + 26 + (-59 - -41)?
9
461 + -461 + -1 + -26
-27
What is -8 + 1 + 7 + -1 - -5?
4
Evaluate 20 + -3 + -8 - (21 - (-11 - -4)).
-19
Calculate -8 - (3 + 0 + 21 + -25 + 6).
-13
What is the value of 1 - 14 - (1 + -10 - (-77 + 70))?
-11
What is 11 - 2 - (-6 + 5 + (4 - -1))?
5
Calculate 10 - ((-5 - -3) + 0 + 8).
4
What is 0 + -4 + (15 + -8 - 17)?
-14
What is -2 - (-14 - (-26 - -13) - -13)?
-14
What is (-328 - -334) + (-1 - (-1 - 0)) + 5?
11
Calculate -4 - -2 - ((-10 - -6) + -4).
6
What is 1 + (-11 - -17) + -15 + -12?
-20
Evaluate (0 + 3 - (18 + -1)) + (110 - 101).
-5
What is the value of (-126 - -119) + (-11 - 5)?
-23
Calculate -5 + 15 + -23 - -13.
0
What is the value of 5 + -1 + 0 + 2 + 9 + -6?
9
What is the value of (-3 - (-10 + (0 - -4))) + (-10 - 0)?
-7
Calculate -100 - -79 - (-4 + 11).
-28
What is -2 + 4 + 10 + -10 + 6?
8
What is 3 + (-1 - ((8 - 5 - 1) + -10))?
10
What is (-11 - (-13 + 6)) + 4?
0
Calculate (0 + (-4 - (-6 + 29)) - -3) + 6.
-18
12 + (-57 - -37) + 8
0
Calculate (8 - 18 - -7 - -5) + -11.
-9
What is the value of (1 + (6 - 2) - (89 + -80)) + -12?
-16
What is the value of 6 - (2 - (-2 + -1) - 9) - 2?
8
Evaluate -18 - (1 + (7 - 8)) - -6.
-12
Calculate (-5 - (-11 + 5)) + 17 + 4 + -4.
18
What is 13 - (7 - (22 + -24 - (0 + -9)))?
13
Calculate 7 + (0 - -2) + (6 - 6 - 3).
6
Calculate -12 - (-4 + -20 + 15).
-3
Calculate 2 + (9 - (-15 + 43)).
-17
34 + -1 + (278 - 276) + -1 + -11
23
What is the value of -11 + 28 + -11 - -2?
8
What is -36 - -6 - (-3 + -20)?
-7
Evaluate (-5 - (-13 + 16)) + -3.
-11
Calculate 76 - 55 - (1 - -41).
-21
Evaluate 1 + 0 + (-5 - -4) + -2 + 6.
4
What is the value of -21 - ((-7 - -10) + 1)?
-25
Evaluate 10 + (-16 - (16 - 33)) + 19.
30
What is the value of 2 - -1 - -1 - (29 + -45 + 6)?
14
Calculate (-6 - (36 - 7)) + 5.
-30
Calculate -24 + -39 + (-38 - -88).
-13
Evaluate (0 - 4) + (8 - (4 - 5)) + -4.
1
Evaluate 6 - 7 - (-10 + 1 - -17).
-9
Calculate -236 + 221 - (2 + -32).
15
Evaluate 35 - 2 - (-410 + 424).
19
What is (-33 - (34 - 61)) + (-3 - -1) + -12?
-20
What is 28 - (-3 + 4 - (-33 - -33))?
27
Evaluate 2 + 9 - (-20 - -28 - (3 + 8)).
14
What is the value of (160 - 140 - (4 - 0)) + -9 + -47?
-40
Calculate 56 + -46 - (23 + -2).
-11
What is 14 + -1 + -23 + 1?
-9
-7 + 10 + -3 + 0 + (12 - 5)
7
5 + 3 + -29 - (-105 - -92)
-8
Evaluate 31 + -35 - (-9 + -1).
6
What is the value of -42 - -36 - (0 + -2 + 6 - 4)?
-6
What is the value of 31 + -7 + (-17 - (-22 - 3))?
32
What is -6 + 10 + -17 - (-17 + 12)?
-8
What is (19 - -7) + -18 + (-5 - -1)?
4
What is the value of 5 + -2 + (2 - -2) - (-63 + 86)?
-16
Calculate -10 + -5 - (62 + -89).
12
Calculate 13 + -29 + 23 + -1 + 5.
11
Calculate (-14 - -4) + (9 - ((-33 - -6) + 8)).
18
Calculate (-5 - -3) + (-2 + 4 + 0 - 1).
-1
Calculate 0 - (11 + -5 + -2 + 1 + -3).
-2
0 + 7 + (-2 - -16 - (129 + -109))
1
1 + 2 + 27 - (565 + -557)
22
Evaluate (-2 - (-2 - (-7 - -1) - 9)) + 5.
8
Calculate (-17 - (-2 - 6) - -8) + 8.
7
(2 - 2) + (-7 - 2 - (-5 - -8))
-12
What is the value of 14 + 1 + 15 + -17?
13
Calculate 6 - (15 + -5) - (15 + -6).
-13
What is (2 - 4) + -8 - (-12 + 13) - 4?
-15
-25 + (-8 - (-1 + -9)) - 9 - -4
-28
What is 15 + -21 - ((0 - (-1 - -2)) + -4)?
-1
Evaluate (-24 - -2) + -22 + 62.
18
Evaluate -5 + (-3 - -2) + -4 + 10.
0
(6 - (3 - (-2 - 3))) + 6
4
What is -3 - -2 - (-6 - (-8 - -3) - -8)?
-8
(-3 - -5) + 12 + 3 + -24
-7
Calculate 16 + -8 + -13 - 4.
-9
Evaluate 4 + 6 - 23 - -12.
-1
-30 + (44 + -33 - -1)
-18
What is 36 + -36 - (-2 - (3 - -1))?
6
What is the value of 2 + (2 - (-1 + (3 - 1)))?
3
Calculate (8 - (-23 + 15)) + (-26 - 4).
-14
What is (7 - 5) + (8 - (-11 + 12))?
9
Evaluate -30 + (-10 - -9 - -16).
-15
Evaluate -16 + (-11 - -4) - -15.
-8
What is the value of 34 - (17 - 7 - -9)?
15
What is the value of 0 + (-5 - -3 - 10) + -12 + 4?
-20
What is 3 + ((-42 - -54) + (-5 - 1) - -2)?
11
Evaluate (-22 - -9) + -15 + (13 - 3) - -7.
-11
What is the value of (15 - 6) + -11 + (-2 - -3)?
-1
What is (20 - (-11 + 32)) + -1 + 7 + 0?
5
What is -7 - (-6 + (-4 - -10 - 12))?
5
Evaluate 1 - (-5 - (-39 + -11 + 13) - 3).
-28
-2 + 1 + -1 + 1
-1
-35 - (-5 + (0 - -6 - 3))
-33
-14 + 1 + 2 + 1
-10
Calculate 0 + 3 + -7 + (13 - (6 + -2)).
5
Evaluate -16 - (-9 + 9) - -7.
-9
What is the value of (-37 - -16 - (-10 + -9)) + 3 + 1?
2
Evaluate -8 + 1 + -5 + 14 + -15.
-13
-12 + -1 + -256 + 258
-11
What is the value of 0 + -8 + 2 - ((-9 - -5) + -1)?
-1
What is -9 - (-45 + 54 + -22)?
4
Calculate 2 + -30 + 15 - (15 - -1).
-29
What is the value of (-1 - -2) + (-190 - -180)?
-9
Calculate 18 + -614 + 605 + 5 + (-2 - -1).
13
5 + 2 + 0 + -6 + 2 + -7
-4
What is the value of (-10 - 0) + (15 + -12 - 4)?
-11
8 + (5 - 13) + (2 - -10)
12
What is the value of 0 - 19 - (-21 + 29 + -17)?
-10
Calculate 1 - 2 - 14 - (40 - 27 - 17).
-11
Evaluate (-6 - 1) + 3 + 9 + -26.
-21
Calculate (-9 + (16 - 11) - 8) + 7.
-5
What is -3 - -6 - (9 + -3 + -2) - -32?
31
Evaluate 5 + -7 + 8 - (22 - (5 + -9)).
-20
What is -19 - (23 - 50) - -4?
12
What is the value of 11 + (-1 - (-3 - 2)) + -6 + -36?
-27
What is (-14 - (18 - 43)) + 0?
11
Evaluate -12 - ((14 - 10 - 10) + -4).
-2
Calculate 24 + (17 - 32) + 0 + -4 - -10.
15
Calculate (-46 - -53) + -6 + (-2 - -7).
6
What is the value of 1 - 7 - (6 - (-8 - -29 - 6))?
3
2 + (-916 - -916) + (0 - (-1 - -31))
-28
10 + -5 + 23 + -15
13
Evaluate -6 + 10 - (8 - (-4 + 3)).
-5
Evaluate 13 + -32 + 23 + (0 - 1 - 2).
1
What is (-2 + (-3 - 11) - 3) + 283 + -278?
-14
What is the value of 13 + -8 + 6 + -2?
9
What is the value of 0 + 0 + -12 + (28 - 19)?
-3
Evaluate (364 - 375) + (2 + -3 - 1 - -6).
-7
Evaluate 30 + -17 + (11 - 12) + 1 + -2.
11
Calculate -7 - -5 - (8 - 15).
5
Evaluate (6 + -9 - -4) + -7 + 9.
3
(-7 - 2) + (5 - 23) + 14
-13
Calculate 1 + (6 - -4) + (-9 - -6) + 4.
12
Calculate (-125 - -103 - (2 - 9)) + (1 - -6).
-8
-13 + (-2 - -2) + (161 - 156) - -21
13
Calculate -17 + -3 + (-100 - -115).
-5
What is the value of -5 + -1 + (48 - 5 - 26)?
11
What is -6 + 15 + -10 + 0 + 11?
10
What is the value of -14 + 3 + -2 + (8 + 2 - 6)?
-9
What is (-3 + (-1 - -1) - -7) + -15 + 0?
-11
Calculate 14 - (54 + (14 - 17) + -10).
-27
What is (-38 - (17 + -41)) + (10 - -1)?
-3
What is the value of (1 - 15) + 0 - -12?
-2
-2 + -15 - -10 - 8
-15
Evaluate -18 + (-5 - -4 - -3 - -1) + 1.
-14
Evaluate -13 + 39 + 12 + -28.
10
What is the value of -6 + (-5 - (0 - (3 - 2)))?
-10
-3 + ((1 - (3 + 3)) + -1 - -5)
-4
Evaluate (-152 - -157) + -12 + 1 + 2.
-4
What is 12 + (-74 + 19 - -19)?
-24
What is the value of -1 - 4 - (-12 + 15 + -1 + -7)?
0
Calculate (1 - 0) + (6 - 12) + 4.
-1
What is 144 + -138 + -3 + 0 + (-3 - -3)?
3
What is (6 - 3) + 4 + -16?
-9
Evaluate -2 + -16 + 34 - (-10 + 21).
5
Calculate (4 - (6 - (14 + 18))) + -13.
17
27 + (45 - (-10 - -44))
38
What is the value of (-15 - -26) + -5 - 6?
0
2 + 14 + (-7 - -4)
13
What is the value of 18 - 27 - -33 - 9?
15
What is (0 - 14) + 0 + -15 + 17?
-12
Calculate -271 + 274 + (1 - (-1 - (-2 + -8))).
-5
What is the value of (60 - 35) + 6 - 9?
22
Calculate 1 + 0 + (29 - (-13 + 53)).
-10
(26 + 6 - 10) + 5
27
What is the value of 19 - 1 - 40 - -19?
-3
Evaluate (19 + (2 - 8) - 2) + 2.
13
What is -29 - (14 - ((12 - 2) + 11))?
-22
(187 - 176 - (1 - -45 - -1)) + 5
-31
4 - (21 - (1 - (38 - 17)))
-37
What is the value of -22 + (11 - -21) + (9 - 0)?
19
Evaluate 17 - -6 - (15 + -3).
11
-2 + (-6 - ((4 - (7 - 5)) + -1))
-9
Calculate 61 + -57 + 20 + -2.
22
Evaluate -1 + 2 - (16 - (1 + 14)).
0
Calculate -17 + 19 + -16 + 15.
1
Evaluate (-17 - -20 - -10) + (-4 - -2 - -4).
15
What is -36 - (-3 + (12 - 15) - -2)?
-32
Evaluate -9 + 19 + -3 + -21.
-14
What is 3 + (-19 - ((-2 - 7) + 3)) - -34?
24
Evaluate -6 - (22 - (12 - -7)).
-9
10 + 25 + -58 + 28
5
Evaluate 4 + 15 + (6 - (28 + -7 + -8)).
12
Evaluate (-10 - -9) + (-80 - -69).
-12
What is the value of -7 + (-6 - -9) + 11 - 2?
5
-5 + 1 - (-24 + 36 - 3)
-13
What is -22 - (-11 + 19 + -16)?
-14
Calculate 3 + 0 + ((-4 - -4) + -6 - -1).
-2
What is 13 - (10 + -4) - -1 - (1 + 3)?
4
What is 43 - 50 - (54 + -50 + (3 - 0))?
-14
What is (-33 - 12) + 26 + 49?
30
8 - -11 - 35 - -4
-12
Evaluate (0 - 11) + -1740 + 1774.
23
Evaluate 2 + -1 - (5 - 5 - -4) - -6.
3
Evaluate 9 - (-93 - -98 - (-5 - -2)).
1
Calculate 14 + -16 - (4 + (-4 - 0)).
-2
What is 0 - 2 - -3 - (-